0 - 3. Let d(f) = x*k(f) + y*u(f). Determine d(4).
7
Let z(l) = 2*l - 5. Suppose 11*a - 37 - 18 = 0. Suppose 7*p - 8*p = a. Determine z(p).
-15
Let c = -1752 + 1756. Let f(w) be the third derivative of 0*w + 0*w**3 + 0 - 1/4*w**c + 6*w**2. What is f(1)?
-6
Let n = -147 - -154. Let s(l) = -2*l + 3. Determine s(n).
-11
Suppose -t + 3*a = 255, -t = 2*a + 415 - 145. Let o be t/(-9) - 6/(-9). Suppose -5*i + 2*g = o, -2*i - 5*g - 15 = -3. Let f(u) = u + 8. Give f(i).
2
Suppose 148*d + 63 = 141*d. Let r(g) = -2*g**3 - 17*g**2 + 10*g + 10. Give r(d).
1
Let p(b) be the third derivative of -b**4/12 - 2*b**3/3 - b**2 + 73*b. What is p(-16)?
28
Suppose -1 - 5 = -3*d. Let w(m) = -5*m**d - 2 - 7*m + 15*m**2 - 4*m**2 + m**3. Give w(-7).
-2
Let z(g) = -8*g + 6*g - 4*g - 6*g**2 - g**3 + 5 - 9. Give z(-5).
1
Let q(y) be the second derivative of y**4/12 - 5*y**3/6 - y**2 - 224*y. Determine q(7).
12
Let u(f) = 10*f - 58. Suppose -140*c - 6 = -141*c. Determine u(c).
2
Let c(y) be the first derivative of -y**5/20 + 5*y**4/12 + y**3 - 4*y**2 - 10*y - 13. Let o(d) be the first derivative of c(d). Calculate o(6).
-8
Suppose 5*o - 22 = 2*v - 7, -v - 3 = -o. Let q(u) be the second derivative of v - u**2 + 5/6*u**3 - u + 1/12*u**4. Give q(-5).
-2
Suppose -h + c = -1, -5*h + 4*c - 1 + 4 = 0. Let t(f) be the first derivative of -5*f**2 - 55. Give t(h).
10
Let w(r) = 21*r - 1. Suppose 31*h = -30 - 1. Give w(h).
-22
Let b(c) = c**2 - 3*c - 49. Let z be b(9). Let t(k) = k**3 - 6*k**2 + 7*k - 3. Determine t(z).
7
Let y(z) be the second derivative of z**4/12 + 2*z**3/3 - 9*z**2/2 - 92*z. Give y(-6).
3
Let c(i) be the first derivative of 7*i**2/2 + 3*i - 1. Suppose 322 + 42 = -7*g. Let p = g + 50. Give c(p).
-11
Suppose d - 2*j + 4 = -0*j, -2*d - 10 = -5*j. Suppose d = w - 7*w + 12. Let i(c) = 3*c + 18*c**2 - 4*c - c**w. What is i(1)?
16
Let s(p) be the second derivative of -p**4/12 - p**3/3 - p**2/2 + 3*p. Let q(l) = 1 + 1 + l + 0 + l**3 + 3*l**2. Let w be q(-3). Give s(w).
0
Let m(h) = 21 + 14 - 55 + 9 + 14 + 7*h. What is m(3)?
24
Let s(z) = z**3 + 12*z**2 - 8. Let h = 421 - 433. Calculate s(h).
-8
Let j(t) = t**2 - 5*t - 1. Let u = -2 - -6. Let h(o) = 4*o - o + 3*o - u*o. Let s be h(2). Determine j(s).
-5
Let f(n) = -3*n**2 - 2*n + 3. Let q(b) = b**2 + 11*b - 208. Let g be q(10). Determine f(g).
-13
Let l(v) = -v**2 + v + 2. Let b(a) = 2*a**2 + 9*a - 21. Let q(z) = -b(z) - 3*l(z). Give q(10).
-5
Let x(z) = -5*z**3 - 2*z**2 - 2. Let g(v) = 3*v**3 + v**2 + 1. Let t(k) = -7*g(k) - 4*x(k). Suppose 5*s - 31 = -3*q, s + 4 = 9. Calculate t(q).
-3
Let x(y) = -5 - 3*y + 7*y - 3*y. Calculate x(7).
2
Let g = 2 + -4. Suppose -5*s + 15 = -5*i, 2*i = 5*s + 4*i - 1. Let c(f) = s + 3*f + 2 - 2. What is c(g)?
-5
Let a(p) = -p**2 + p - 6. Suppose -2 = 2*j + 5*z, -5*j - z + 14 = -j. Suppose -8*s + j*s + 24 = 0. Let d = -6 + s. Determine a(d).
-6
Let z(d) be the third derivative of 29*d**2 + 1/3*d**3 + 0 + 1/24*d**4 + 0*d. Suppose y + 3*l + 12 = -y, -5*l = -5*y + 20. What is z(y)?
2
Let q(s) = -s. Suppose -r + 4*b + 18 = -7, 4*b + 45 = 5*r. Suppose 2*m - 6*m = 2*d - 14, -22 = 2*d - r*m. Let a be (0 + 1 - 2)/d. Determine q(a).
-1
Let x = -191 + 185. Let t(o) = o**3 + 5*o**2 - 6*o. What is t(x)?
0
Let l(v) = v**2 - 10*v + 1. Let h be l(11). Let g be (-3)/h - (-1)/4*-7. Let o(b) = -b - 1. Let c(n) = -n**2 - 8*n - 5. Let a(x) = -c(x) + 6*o(x). Give a(g).
-1
Let p = -37 + 38. Let k(a) = -7*a + 7*a + p + 3*a. Calculate k(-1).
-2
Let t(g) = -2*g**2 + 8*g + 5. Suppose b = 3*f - 16, 0*f + 5*b = -f. Calculate t(f).
-5
Let h be 1*4*(-288)/16. Let b be (-1 - -6)*h/60. Let j(q) = -3*q - 8. What is j(b)?
10
Let t(v) = -v**2 - 10*v + 26. Let f be t(-12). Let l(k) be the second derivative of -13*k**3/6 + k**2 + 70*k. Determine l(f).
-24
Let c(g) = -g**3 - 3*g**2 - g - 1. Suppose 3*x = -i - 13, -7 = 4*i - i + x. Let d(o) = -o**2 + o. Let s be d(i). Determine c(s).
-3
Suppose -2*n + 11 = 5*z, -z + 8 - 22 = -5*n. Let o(t) = 7*t**2 + 0*t + 3 - n*t**2 + t**3 + 0*t**3 + 3*t. Suppose 0 = 5*u + 11 + 9. Calculate o(u).
-9
Suppose -4*u + 5*p + 18 = 0, -p - 6 = -2*u - 0*u. Let n(h) = -3*h - 5. Let t(c) = c. Let r(w) = u*t(w) + n(w). Let j be (-1)/(-2 - (-33)/15). Determine r(j).
0
Suppose -3*n = -5*g - 8, -2*n + 5*n + g - 20 = 0. Let u(v) = v**2 - 8*v + 8. What is u(n)?
-4
Let v(n) be the third derivative of n**7/840 + n**6/180 - 7*n**5/120 - 5*n**4/24 + 10*n**3/3 + 25*n**2. Let m(l) be the first derivative of v(l). What is m(-4)?
-9
Suppose -d - 3 = -4. Let u = d + 3. Let t(p) = -10*p**2 - 5 - 10*p**2 + 24*p**2 + 26*p - 5*p**2 - 25*p. Give t(u).
-17
Suppose 9*z - 6*z = -12. Let i(g) = 2 + 6*g - 3*g**2 + 11*g**2 - 6*g**2. Calculate i(z).
10
Suppose -5*z = 10 + 5. Let w(s) = 5*s**3 - 3*s**2 + s - 9. Let d(a) = -a**3 + 1. Let u(b) = -6*d(b) - w(b). What is u(z)?
6
Let t(h) = 18*h - 189. Let g be t(10). Let d(i) = i. Determine d(g).
-9
Let c(w) = -2*w**2 - 1. Suppose -7*j - 18 = -144. Let y = j - 20. Determine c(y).
-9
Let z = -14 - -18. Suppose -z*u + 0*u = -24. Let x(a) = 2*a + 3. What is x(u)?
15
Let z be (-153)/510 - (-6)/20. Let r(q) be the first derivative of q**3/3 - q**2/2 + 11*q - 5. What is r(z)?
11
Let h(o) = -5*o + 22. Let t(y) = 11*y - 46. Let x(l) = 9*h(l) + 4*t(l). What is x(10)?
4
Let q(l) = l**3 - 5*l**2 - 7. Let v be q(5). Let r(m) = 8*m - 10. Let s(o) = -10*o + 10. Let d(w) = -6*r(w) - 5*s(w). Determine d(v).
-4
Let u(v) = 6*v**2 + 3*v + 3. Suppose 2*g + 1 = n + 5, 4*g = -5*n - 6. Calculate u(n).
21
Suppose 84*c - 78*c = 12. Let s(b) = 4*b**c + 4*b**2 - 10*b**2 + 5*b**2 - 3*b. Determine s(2).
6
Let m(y) = -6*y**3 + 6*y**2 + 7*y**3 - 2*y - 50 + 54. What is m(-6)?
16
Suppose -4*d + 0*d = 5*m + 10, 4*d + m = -2. Let q(w) = -w**3 + w**2 - 2*w - 8. Calculate q(d).
-8
Let p(q) be the third derivative of -q**5/30 - q**4/6 - q**3/3 - 7*q**2. Let l be 60/(-14) - 14/(-49). What is p(l)?
-18
Suppose 0 = 3*f + f - 12. Suppose k + 2*m - 4 = 0, f*m = 2*k + 3*k + 32. Let i(c) = 2*c + 4. Determine i(k).
-4
Let f(r) = -111*r + 44*r + r**2 - 4 + 64*r + 3*r**3. Determine f(-2).
-18
Let l(g) = -g - 1. Let b(z) = 3*z + 5. Let o(y) = b(y) + l(y). Let q(h) = -h**3 + 58*h**2 - 53*h - 221. Let a be q(57). Give o(a).
18
Suppose -9 = 19*j - 16*j. Let n(p) = 2*p**2 + 3*p. Calculate n(j).
9
Let a(p) = 7*p**3 - 2*p**2 - 3*p. Let n(q) = 20*q**3 - 6*q**2 - 9*q. Let k(c) = -17*a(c) + 6*n(c). Let m = -2876 + 2874. Give k(m).
-10
Let t(w) be the first derivative of 4*w**2 - 7 + 1/3*w**3 + 0*w. Calculate t(-8).
0
Let u be 0*1/2*-2. Let z(f) = -f**2 + 10*f - 7. Let v be z(9). Let q(k) = 3*k + 0*k**2 + v*k**2 - 4*k - k**2. Give q(u).
0
Let j be (-21 + 39)*1/3. Suppose -5*c + 6 = -3*a, -j*a - 2*c = -3*a + 27. Let l(u) = -u**3 - 7*u**2 - u - 8. Give l(a).
-1
Let s(a) = 14 + 10*a + 4 + 0 - 32 - a**2. What is s(10)?
-14
Let d(p) be the first derivative of 9/4*p**4 + p - 1/2*p**2 + 0*p**3 + 6. Let t = -24 + 25. Give d(t).
9
Let w(b) = -2*b + 3. Suppose 5*o - 10 = 5. Suppose 0 = -n + o*n - 22. Suppose -n - 1 = 3*s. Determine w(s).
11
Let g(j) = -j**2 - j + 24*j + 4 - 30*j. Give g(-6).
10
Let r be 2 - (-1 - 6 - -4). Suppose r*q - 15 = -0*q. Suppose q*u = -2 - 13. Let c(x) = x**2 + 5*x + 2. What is c(u)?
2
Suppose 3*q - 3*d = 66, -2*q = -5*d - 9 - 38. Suppose 2*c - 4*j = -j - q, -2*c - 16 = -2*j. Let z(u) = u**2 - 3. Calculate z(c).
6
Suppose 0 = 4*v - 3 - 9. Suppose -3*j = -5*c + 1, -2 = -2*j + 3*c - v. Let h(g) = -6*g - 2. Determine h(j).
10
Let f(c) = 75*c - c**2 - 76*c + c**3 - 2 + 4*c**2. Determine f(-4).
-14
Let h be 0 - ((-126)/14 - -9). Let p(d) = -2*d + 4. Calculate p(h).
4
Let c(z) = 2*z**3 - 3*z**2 + 2*z + 1. Let x = -28 + 31. Suppose x*d + 4 - 10 = 0. What is c(d)?
9
Let w(t) = -t. Let m(n) be the third derivative of -n**6/120 + n**5/20 + n**4/2 - n**3/2 + 25*n**2. Let r(g) = m(g) + 4*w(g). Determine r(5).
-13
Let h(d) = 11*d - 6. Let u(y) = -5*y + 3. Let l(t) = -4*h(t) - 9*u(t). Let v(w) = -4*w**3 + 46*w**2 - 22*w - 5. Let x be v(11). Give l(x).
-8
Let d(w) be the third derivative of 0*w - 1/24*w**4 + 0 - 7*w**2 - 1/120*w**6 - 1/3*w**3 - 1/15*w**5. Give d(-4).
2
Let d(s) = s**2 + 2*s. Let m(v) = v**3 - 7*v**2 + 12*v - 9. Let z(f) = 2*d(f) - m(f). Determine z(8).
9
Let d = -4 + 9. Suppose 0*j - j = -3*k + 10, 18 = 2*k + d*j. Let x(s) 